hen 17533 is divided by 15.
13
Calculate the remainder when 507 is divided by 188.
131
What is the remainder when 3163 is divided by 455?
433
Calculate the remainder when 208005 is divided by 214.
211
Calculate the remainder when 214 is divided by 91.
32
Calculate the remainder when 28183 is divided by 74.
63
Calculate the remainder when 1389 is divided by 714.
675
Calculate the remainder when 7457 is divided by 88.
65
What is the remainder when 33839 is divided by 147?
29
Calculate the remainder when 114267 is divided by 1131.
36
Calculate the remainder when 256 is divided by 27.
13
What is the remainder when 44114 is divided by 72?
50
What is the remainder when 35789 is divided by 17892?
5
What is the remainder when 129431 is divided by 1028?
931
Calculate the remainder when 6268 is divided by 56.
52
Calculate the remainder when 698 is divided by 547.
151
Calculate the remainder when 413 is divided by 65.
23
Calculate the remainder when 7890 is divided by 2626.
12
Calculate the remainder when 57354 is divided by 13.
11
What is the remainder when 1160 is divided by 355?
95
Calculate the remainder when 2312 is divided by 241.
143
What is the remainder when 773 is divided by 43?
42
What is the remainder when 4764 is divided by 989?
808
What is the remainder when 3135 is divided by 116?
3
Calculate the remainder when 535 is divided by 51.
25
What is the remainder when 2673 is divided by 51?
21
What is the remainder when 13380 is divided by 83?
17
Calculate the remainder when 34805 is divided by 5754.
281
What is the remainder when 123318 is divided by 93?
0
What is the remainder when 3248 is divided by 812?
0
Calculate the remainder when 330691 is divided by 30062.
9
Calculate the remainder when 726 is divided by 80.
6
Calculate the remainder when 33181 is divided by 136.
133
What is the remainder when 22702 is divided by 18?
4
What is the remainder when 21587 is divided by 362?
229
Calculate the remainder when 22690 is divided by 3768.
82
What is the remainder when 1522234 is divided by 65?
64
What is the remainder when 812 is divided by 293?
226
Calculate the remainder when 1578 is divided by 1200.
378
Calculate the remainder when 32686 is divided by 8.
6
What is the remainder when 1222749 is divided by 24?
21
What is the remainder when 17297 is divided by 199?
183
Calculate the remainder when 34466 is divided by 17143.
180
What is the remainder when 436616 is divided by 379?
8
Calculate the remainder when 44999 is divided by 158.
127
What is the remainder when 2984 is divided by 2971?
13
What is the remainder when 5447 is divided by 101?
94
What is the remainder when 24916 is divided by 337?
315
Calculate the remainder when 11719 is divided by 58.
3
What is the remainder when 381372 is divided by 21187?
6
What is the remainder when 20257 is divided by 126?
97
What is the remainder when 8286 is divided by 4063?
160
Calculate the remainder when 3696 is divided by 1149.
249
What is the remainder when 2927498 is divided by 6?
2
What is the remainder when 4106 is divided by 82?
6
What is the remainder when 23912 is divided by 11942?
28
Calculate the remainder when 12669 is divided by 1242.
249
Calculate the remainder when 38109 is divided by 313.
236
Calculate the remainder when 43005 is divided by 17.
12
What is the remainder when 26403 is divided by 9?
6
What is the remainder when 199 is divided by 151?
48
Calculate the remainder when 222823 is divided by 173.
172
Calculate the remainder when 12690 is divided by 343.
342
Calculate the remainder when 1369859 is divided by 790.
789
What is the remainder when 985 is divided by 971?
14
What is the remainder when 555029 is divided by 315?
314
Calculate the remainder when 74517 is divided by 270.
267
What is the remainder when 312168 is divided by 522?
12
Calculate the remainder when 9149 is divided by 7.
0
What is the remainder when 824319 is divided by 70?
69
What is the remainder when 1678 is divided by 172?
130
What is the remainder when 5046 is divided by 1259?
10
Calculate the remainder when 13348 is divided by 5966.
1416
What is the remainder when 696860 is divided by 16?
12
What is the remainder when 282871 is divided by 40?
31
Calculate the remainder when 73916 is divided by 21.
17
Calculate the remainder when 21250 is divided by 14.
12
Calculate the remainder when 81096 is divided by 137.
129
Calculate the remainder when 104815 is divided by 566.
105
Calculate the remainder when 318940 is divided by 16.
12
What is the remainder when 68162 is divided by 24?
2
What is the remainder when 1169 is divided by 135?
89
Calculate the remainder when 13993 is divided by 25.
18
What is the remainder when 678 is divided by 103?
60
What is the remainder when 14621 is divided by 124?
113
What is the remainder when 84486 is divided by 138?
30
What is the remainder when 24540 is divided by 8176?
12
What is the remainder when 3224 is divided by 755?
204
What is the remainder when 1787076 is divided by 20?
16
What is the remainder when 11345 is divided by 366?
365
What is the remainder when 2183825 is divided by 398?
397
What is the remainder when 9326 is divided by 574?
142
What is the remainder when 1191155 is divided by 34?
33
Calculate the remainder when 6409 is divided by 2955.
499
Calculate the remainder when 1121775 is divided by 921.
918
What is the remainder when 4869 is divided by 21?
18
Calculate the remainder when 34489 is divided by 34476.
13
Calculate the remainder when 644 is divided by 33.
17
What is the remainder when 5606 is divided by 1857?
35
Calculate the remainder when 97472 is divided by 23.
21
What is the remainder when 7397 is divided by 8?
5
Calculate the remainder when 823313 is divided by 11.
7
What is the remainder when 3055 is divided by 1490?
75
Calculate the remainder when 59909 is divided by 5442.
47
Calculate the remainder when 80212 is divided by 80199.
13
What is the remainder when 435 is divided by 250?
185
What is the remainder when 7181 is divided by 343?
321
Calculate the remainder when 54275 is divided by 3614.
65
What is the remainder when 3444 is divided by 507?
402
Calculate the remainder when 1497 is divided by 1059.
438
What is the remainder when 2100 is divided by 2030?
70
Calculate the remainder when 273 is divided by 267.
6
What is the remainder when 3483 is divided by 460?
263
What is the remainder when 820 is divided by 461?
359
Calculate the remainder when 4654 is divided by 45.
19
Calculate the remainder when 932 is divided by 232.
4
Calculate the remainder when 26976 is divided by 190.
186
What is the remainder when 33539 is divided by 16708?
123
What is the remainder when 24629 is divided by 536?
509
What is the remainder when 10415 is divided by 4881?
653
What is the remainder when 2011 is divided by 153?
22
What is the remainder when 26837 is divided by 656?
597
What is the remainder when 112594 is divided by 66?
64
What is the remainder when 38960 is divided by 245?
5
What is the remainder when 2915223 is divided by 8?
7
What is the remainder when 42748 is divided by 480?
28
What is the remainder when 11074 is divided by 1006?
8
Calculate the remainder when 72536 is divided by 1145.
401
Calculate the remainder when 1496393 is divided by 284.
281
Calculate the remainder when 10368 is divided by 2396.
784
What is the remainder when 32505 is divided by 378?
375
What is the remainder when 230409 is divided by 6982?
3
Calculate the remainder when 6077 is divided by 446.
279
What is the remainder when 24189 is divided by 24056?
133
What is the remainder when 64 is divided by 39?
25
Calculate the remainder when 32362 is divided by 26.
18
What is the remainder when 40134 is divided by 116?
114
What is the remainder when 5026 is divided by 49?
28
Calculate the remainder when 666 is divided by 336.
330
What is the remainder when 15683 is divided by 78?
5
Calculate the remainder when 12354 is divided by 335.
294
Calculate the remainder when 9109 is divided by 1812.
49
What is the remainder when 1272127 is divided by 352?
351
What is the remainder when 6791 is divided by 290?
121
Calculate the remainder when 13167 is divided by 89.
84
What is the remainder when 22325 is divided by 543?
62
Calculate the remainder when 25235 is divided by 300.
35
What is the rem